 i be c + 8 + -2 - -10. Let f = 50 + i. What is the units digit of f?
4
Let u(j) = -17*j + 20. Let l be u(6). Let w = l - -64. What is the units digit of 4/w - 1714*3/(-54)?
5
Let i(z) = -2*z**3 + 3*z**2 + 13*z + 26. Let v(k) = -k**2 - 22*k - 78. Let a be v(-18). What is the hundreds digit of i(a)?
4
Let z(k) = 10 - 70*k - 99*k + 217*k. What is the tens digit of z(8)?
9
Let i = -8420 + 14145. What is the hundreds digit of i?
7
Suppose 0 = -5*z - 2*a + 94, 9 = -5*z + 2*a + 95. What is the hundreds digit of (-6)/((z/(-273))/3)?
2
Let r = -121 + 139. What is the tens digit of 8420/r + 32/144?
6
Suppose o - 1893 = 3*p, -75*o = -80*o - 8*p + 9373. What is the tens digit of o?
8
Let b(n) = -2209*n + 110. What is the hundreds digit of b(-8)?
7
Suppose -7*x + 3*s = -12*x + 2572, -s + 2564 = 5*x. Suppose 10*h + x = d + 7*h, 4*d + h - 1983 = 0. What is the hundreds digit of d?
4
Let j be (-247)/(-8) - (-1)/8. Suppose -2*t - n + 3 = 2*t, -5*n - j = -3*t. Suppose 175 = 4*b - t*c - 143, 2*c = b - 75. What is the units digit of b?
1
Suppose 2*y + 61289 - 7909 = 2*o, -186862 = -7*o + 3*y. What is the ten thousands digit of o?
2
Suppose -c - 4*z = -6, 6*c - 3*c = 2*z - 10. Let l be ((5 - 1) + (-96)/(-12))*(-15)/60. What is the tens digit of (62 + -8)*l/c?
8
Let s = -39718 + 66926. What is the tens digit of s?
0
Let r(o) = -13*o**2 + 5*o - 12. Let p be r(6). Let q = p - -452. What is the units digit of q?
2
Let y(c) = -12 - c**2 + 9*c**2 - 10*c - c**3 + 0*c**3 + 6*c**2. Let i be y(9). Suppose i = 6*m + 87. What is the units digit of m?
6
Let d = -24 + 124. Let s = 35 + -3. Let v = d + s. What is the hundreds digit of v?
1
Let p(y) = -y**2 + 27*y - 32. Let f(i) = -i**2 + 26*i - 31. Suppose -r = -6*r - 25. Let o(s) = r*f(s) + 6*p(s). What is the hundreds digit of o(23)?
1
Let q(m) = -79*m + 91. Let n(b) = -118*b + 137. Suppose 5*x = -14 - 11. Let p(g) = x*n(g) + 7*q(g). What is the hundreds digit of p(9)?
2
Suppose 48 = 11*i + i. Suppose i*g - 11 = -2*d + 195, -5*g = 2*d - 201. What is the hundreds digit of d?
1
Let s(i) = 2 - 30*i + 266*i**2 + 5 - 2 - 264*i**2. What is the hundreds digit of s(-11)?
5
Suppose -158*a = -63*a - 1187690. What is the tens digit of a?
0
What is the tens digit of (0 - (2 + (-25)/10))/((-1)/(-34806))?
0
Let m(b) = b**3 - 3*b**2 + 6*b. Let j = 108 + -105. What is the units digit of m(j)?
8
Let c = -10 + -9. Let p = 13 + c. Let a = 38 - p. What is the tens digit of a?
4
Suppose -5*u = u - 960. Suppose -384 = -2*m + u. Let x = m - 184. What is the tens digit of x?
8
Let v = 22038 + -16352. What is the hundreds digit of v?
6
Let y(a) = 241*a - 1081. What is the thousands digit of y(23)?
4
Let f(n) = 25*n + 250. Let g be f(-10). Suppose g = o - 3*z - 520, o + 2*z = 679 - 169. What is the tens digit of o?
1
Let u = -10230 - -17654. What is the tens digit of u?
2
Let p be (-86)/11 + (-8)/44. Let q(l) = -22*l - 53. Let v(w) = -15*w - 36. Let j(n) = 5*q(n) - 7*v(n). What is the units digit of j(p)?
7
Let g(l) = -251*l + 23 - 92 + 4. What is the tens digit of g(-3)?
8
Suppose -3268 = 126*o - 128*o. What is the units digit of o?
4
Let n(w) = -3*w**2 - 3*w. Let k be n(-2). Let s(d) = -3*d**3 - 5*d**2 + 7*d + 11. What is the units digit of s(k)?
7
Let j(w) = -11*w**3 - w**2 - 6*w + 386. Let o(a) = 2*a**3 + a - 1. Let z(p) = j(p) + 6*o(p). What is the units digit of z(0)?
0
Let t = -913 + 1365. Suppose 7*y + t = 3014. What is the hundreds digit of y?
3
Let z(i) = 78*i**2 + 421*i - 47. What is the hundreds digit of z(-13)?
6
Let d = -1 - -5. Suppose 33*o + 23*o + 18*o = 0. Suppose 0 = -y + d*v - 19, 2*y - 3*v + 13 + 0 = o. What is the units digit of y?
1
Let g = -238 - -238. Suppose g = 2*v - 3*v + 2*u + 274, 3*v + u - 801 = 0. What is the units digit of v?
8
Suppose -54111 = -4*h + 5*w, 0 = 27*h - 26*h + w - 13512. What is the units digit of h?
9
Let m = -8787 + 18411. What is the units digit of (-2)/(-2) - (m/(-8) + -2)?
6
Suppose 2*f - 108 = -5*q, -2*f - 3*f + 5*q + 305 = 0. Let v = -43 + f. What is the units digit of v?
6
Suppose -3*a = 2*i - 11, -5*i + 0*a - 2*a + 22 = 0. Suppose 2341 = i*w + 5*y, -2*y + 1331 = -5*w + 4216. What is the tens digit of w?
7
Let p = -76 + 81. Let g be p*4 + 4 + (-10 - -4). Let t(z) = z**2 - 11*z + 24. What is the hundreds digit of t(g)?
1
Suppose -3*k = 2*p - 68, 0 = -0*k - 5*k + 3*p + 145. Let q = -23 + k. Suppose 81 = q*m + 24. What is the units digit of m?
9
Let z = 78183 + -25307. What is the units digit of z?
6
Suppose 31 = -j + 5*q - 6, 0 = 3*j + 4*q + 16. What is the units digit of 2/j*-2 + 18023/201?
0
Let t be ((-20986)/(-63))/(8/36). Suppose 0 = -1501*v + t*v + 2992. What is the thousands digit of v?
1
Let b = -3486 - -5247. Suppose -2*x - 5*z = -1169, 3*x - 6*x = 5*z - b. What is the tens digit of x?
9
Suppose 2*u = 2*f - 14044, -5*f - 5*u = -u - 35074. What is the hundreds digit of f?
0
Suppose 14*s = 18*s - 56. Suppose -s*k + 1403 = -1551. What is the hundreds digit of k?
2
Suppose 0 = -4*u - 3*x + 11272 + 4659, -4*x = 4*u - 15932. What is the tens digit of u?
8
Let z = -17826 + 52122. What is the tens digit of z?
9
Let a(p) be the first derivative of -1/2*p**2 - 17 + 10*p. What is the units digit of a(6)?
4
Let k(u) = 26*u + 50. Let l be k(7). Let p = 366 - l. Let b = p - -53. What is the hundreds digit of b?
1
Let x = 18 + -17. Suppose -z = -2*m + 1, -3*m + x = -5*z - 4. Suppose 2*r + r - 5*a - 354 = 0, m = -5*r + 4*a + 590. What is the units digit of r?
8
Let r(m) = -7*m - 3. Let k be r(-5). Suppose 4*g - 8 - 112 = 0. Suppose -k*v + g*v = -158. What is the tens digit of v?
7
Let l be (32/6)/(4/132). Suppose 6*b + l + 118 = 0. What is the units digit of (6 + b + 6)*(-2 + 1)?
7
Let t(a) = -a**2 + 11*a - 37. Let g be t(4). What is the units digit of (-6268)/(-36) + 1/g?
4
Let c = 88777 + -61941. What is the ten thousands digit of c?
2
Let v(z) = z**3 + 12*z**2 + 10*z + 4. Let b be v(-11). Suppose -3*k - 9 + 24 = 2*g, 0 = -3*g - 9. Suppose 0 = -b*t + k*t + 456. What is the units digit of t?
7
Suppose -5*m - 365 = -3705. Suppose 0 = -5*z + 3*r + 1106, 7*r + m = 3*z + 3*r. What is the units digit of z?
0
What is the units digit of 14810*15/18*3/5?
5
Suppose 0 = -53*m - 234740 + 1942665. What is the hundreds digit of m?
2
Suppose 15*k - 25 = 110. Suppose -18 = -m + 3*f, -m + k*f - 7*f = -19. What is the units digit of m?
1
Let h = -19 - -25. Suppose -3*o = -2*k - k + h, 0 = -k + 4*o + 17. What is the hundreds digit of 3*(k - 1025/(-15))?
1
Let q(u) = -u**2 + 1. Let h(z) = 4*z**2 - 17*z - 68. Let f(y) = -h(y) - 3*q(y). What is the tens digit of f(18)?
4
Suppose -74*u - 16 = -78*u. What is the hundreds digit of (0 + 30/u)/(55/4950)?
6
Suppose 0 = 3*j + 6 - 3. Let k be (2/(-4)*j)/((-1)/(-42)). Suppose 17*l + 296 = k*l. What is the units digit of l?
4
Let z(y) be the third derivative of 7/24*y**4 + 1/30*y**5 + 0*y + 8/3*y**3 - 15*y**2 + 0. What is the units digit of z(-11)?
1
Suppose -4 = -2*z - 2*z. Let q be 68/16 + 1 + z/(-4). Suppose -q = -4*m + 79. What is the tens digit of m?
2
Suppose -28*c + 4*a = -31*c + 16520, 4*a = c - 5496. What is the thousands digit of c?
5
Let k(h) = -140*h + 60. Let w be (-4158)/396 - ((-10)/4 + 1). What is the tens digit of k(w)?
2
Let t(x) = -10055*x + 1390. What is the hundreds digit of t(-5)?
6
Suppose -22638 = -g + 3*p, 15 - 13 = 2*p. What is the ten thousands digit of g?
2
Let i(f) = 58*f**2 + 42*f + 48. What is the thousands digit of i(-9)?
4
Let m(q) be the first derivative of -q**5/6 + q**4/8 - 11*q**3/3 - 5. Let k(b) be the third derivative of m(b). What is the hundreds digit of k(-6)?
1
Let z = 13611 + -1405. What is the hundreds digit of z?
2
Suppose 0 = 4*m - 5*l - 25, -3*m - l = 2 + 3. Suppose 7*s - 28 = -m. What is the tens digit of 0 - (-90 - s/2)?
9
Suppose 150*n = 2592475 + 1536125. What is the thousands digit of n?
7
Let y(l) be the second derivative of 4*l**3 + 27*l**2 + 41*l. Let w(h) = -23*h - 53. Let j(t) = 5*w(t) + 6*y(t). What is the units digit of j(7)?
2
Suppose -5*k - 919 = 5*i - 15104, 4*i - 11362 = 3*k. What is the thousands digit of i?
2
Let w = 504 - 767. Let o = -710 + 266. Let m = w - o. What is the units digit of m?
1
Suppose 0 = o - 5*o + 5*b - 22, -4*b = -8. Let j be (-18)/o*1*(-2)/(-6). Suppose 2*f = 3*x + 269, -j*f + 256 = -2*x - 10. Wh